(10 - (5 - 5)) - (-4 + 1)
7
What is 8 + (-7 - (-18 + 12)) + -1?
6
-6 - 3 - (9 - -8 - (10 - 1))
-17
What is -14 + 15 + -14 + 6?
-7
Calculate 6 + (-4 - 11 - -16 - (3 - 11)).
15
What is 0 - (1 + 9 + (-24 - (9 - 14)))?
9
Evaluate -1276 + 1281 + -7 + 1 + (0 - -1).
0
What is the value of -9 + 9 + 0 + -5 - 12?
-17
Evaluate 0 + (-15 + 8 - -1) - (-3 + -6).
3
Calculate 100 + -63 + -27 + 3.
13
What is (-94 - -82) + 3 + -2?
-11
10 - (21 - (13 + (2 - 9)))
-5
(1 - (11 + -2)) + (-15 - -7)
-16
Calculate (-10 - (17 - 25)) + -9.
-11
What is 2 + -1 + 0 + -1 + 9 + -3?
6
What is the value of (-224 - -216) + (-1 - 13)?
-22
6 + -10 + (-5 - 1)
-10
What is -9 - (1 - -3) - (-3 - -1)?
-11
Calculate -14 - -24 - 10 - (4 + 1 + -1).
-4
Evaluate (-1 - -2) + -10 - ((-22 - 12) + 18).
7
What is -18 + 14 + 10 + 0 - (5 + 1)?
0
What is (2 + 15 + -10 - 15) + 20?
12
Evaluate -16 + (69 - 25) + -33.
-5
What is -3 - (3 - 5) - -12?
11
Calculate -16 + (29 - (-1 - -10)).
4
Calculate 15 + 17 + -15 + -12.
5
What is the value of 14 - 16 - (-2 + -3 + 4)?
-1
What is the value of (5 - -2) + (-7 + 2 + -4 - 0)?
-2
Evaluate 1 + -6 + 400 + -406.
-11
What is (16 - (16 - 8)) + (11 + -4 - 8)?
7
2 + -4 + 5 + -9 + (1 - -10)
5
-14 - -2 - -19 - 8
-1
144 - 156 - (3 - -2)
-17
-7 + (6 - (-6 + (-2 - -9))) + 1
-1
What is the value of -30 - -40 - (2 + -2 + 2)?
8
Calculate -1 + 12 + -15 + 14 + -5.
5
Calculate (4 + 12 - 20) + 27 + 4.
27
(-2 - 2) + (4 + 1 - -1) - -3
5
Calculate 75 + -67 - (0 + -5 + 2).
11
Calculate 9 + -8 - (-8 - (8 - 2)).
15
What is the value of 11 - 1 - (23 - (58 - 42))?
3
Calculate (-75 - -67) + (9 - -1) - (-6 - 4).
12
Evaluate -1 + (4 - (-3 - -3)) - (-71 + 55).
19
What is -2 - (15 - -7 - 11)?
-13
35 + -7 + (-45 - -43)
26
What is -49 + 59 - (-27 + 10)?
27
What is the value of 7 + 0 + (69 - 18) + -50?
8
(1 + -5 - (1 + -4) - -1) + -5
-5
What is the value of 2 + (-14 + -1 - -15 - (5 - -5))?
-8
9 + -5 + (8 - 2) + -4 + -10
-4
What is -4 - (8 + -4 + 1 + -4) - 8?
-13
What is -32 + 56 + 21 - 35?
10
Calculate 14 + -7 + -8 - 14 - -24.
9
Evaluate 0 + (12 + -17 - -16).
11
What is -14 - (-4 - 10) - 12?
-12
What is the value of 21 + -2 + -12 - 9 - -9 - -21?
28
16 + 4 + (-9 - 3 - -3)
11
What is the value of 2 + -11 - (-13 + -13)?
17
Evaluate 10 - (-279 - -279 - (2 + -10 + 2)).
4
20 - (18 + (25 - 25))
2
2 - ((11 - (-6 - -13)) + 0)
-2
What is the value of 0 + 12 + (-10 + -1 - 18)?
-17
1 + -2 + 6 + -3 + 5 - -15
22
What is the value of -38 + (87 - (74 - 45))?
20
What is 7 - -3 - 3 - 14?
-7
What is the value of 17 - (19 + 7 - 1)?
-8
-7 + -3 + -7 + 14 + 7
4
What is the value of -18 + 18 + (4 - -4) + (-5 - -6)?
9
Evaluate 18 + -33 + (7 - -12).
4
Calculate -7 + (1 - -5) - -2.
1
Evaluate -21 - (-8 + 7 + (-9 - 1) + 1).
-11
What is (12 - 14) + -7 + 13 + -24?
-20
Evaluate 9 + (2 - (12 - (-3 + -3))).
-7
Evaluate 41 - 13 - 9 - 11.
8
Calculate 93 + (57 - 154) - (1 + -15).
10
Evaluate 7 + (2 + -5 - (-34 + 38)).
0
3 - (-13 + 10) - (4 + 3 + 6)
-7
Evaluate (2 + -3 - -2) + (24 + -12 - 2).
11
Evaluate (25 - 18) + 11 + -1.
17
What is 1 - (-2 - 3 - (2 - (4 + 8)))?
-4
What is the value of -5 + 7 + -38 - -20?
-16
Evaluate (-3 - (0 - -1)) + 151 + -136.
11
Evaluate (15 - (-1 - (1 + -2))) + 60 + -63.
12
Calculate 51 + -38 - (3 + 2).
8
-9 + 13 + 3 + -9 - (0 - 15)
13
What is the value of -13 + -9 + 46 + -11?
13
What is the value of 12 - 0 - (-13 - -42 - 24)?
7
-2 - -15 - (5 + 4 + -16 - -10)
10
What is -3 - ((19 - 5 - 7) + -1 + -2)?
-7
What is the value of (7 - -1) + (5 - (13 - 5)) + -3?
2
Evaluate (7 - (11 + -10 + 0)) + 3.
9
Calculate 5 - 19 - (-6 - 7).
-1
Evaluate 11 + (2 + 13 - (23 + -9 + -3)).
15
What is 2 - (-14 + 4 + 9)?
3
What is the value of 26 - (14 + -8) - 9?
11
1 + 6 + 5 + 8 + -28
-8
-1 + (-4 - -15 - 2 - -1)
9
What is (-7 + 8 + 1 + 0 - 1) + 2?
3
Evaluate 23 - (60 + -18) - -20.
1
What is 1 + (1 + -2 - (-7 - 1))?
8
(-2 - 2 - (-6 + (3 - 1))) + 12
12
14 + -15 + -14 - (2 + -9)
-8
Calculate -25 - (-3 - 7) - (-6 + 6).
-15
Calculate (-1 - -1 - (24 + 0)) + (-2314 - -2320).
-18
Evaluate (1 - -15) + (9 - 33).
-8
What is the value of 3 + (-10 - -15) + -21 + 2?
-11
Calculate 19 + (18 - 36) + 2.
3
What is the value of 36 + 14 + -25 + -12?
13
Evaluate -2 - (-5 - (10 + -16)).
-3
Calculate 0 + -3 - (58 - 53).
-8
What is -7 - -13 - (0 + 4 + -4 + 13)?
-7
What is the value of 6 + -5 + 32 + -1 + -925 + 921?
28
-1 + 4 - (-11 + 18 + 1)
-5
Calculate -24 - ((-63 - 3) + 30).
12
Calculate (-29 - -12) + 12 - (-2 + 1 - 1).
-3
-1 - (-1 - -5 - (8 - (2 + 0)))
1
Evaluate -2 - (-4 + 16 + -4 + 0 - 8).
-2
What is the value of -2 + -16 - (-4 + 0 + -3)?
-11
What is the value of (48 - 28) + -24 - -6?
2
Evaluate -8 + (-1 + -11 - -1 - -31).
12
Evaluate (-2 - -9) + 19 + -2 + (36 - 53).
7
Evaluate (-32 - (15 - 20)) + 10.
-17
What is the value of 4 - 5 - (-10 - -2)?
7
-2 - (-14 - (-9 + 5)) - 0
8
10 - (-2 + (-9 - (10 - 11)))
20
Evaluate -335 + 339 + -2 + 0.
2
What is -28 - (-50 + -1) - 29?
-6
Calculate 13 - ((-5 - (2 - 6)) + 23).
-9
Evaluate 9 + -18 + (21 - 24).
-12
What is -100 - -93 - ((0 - 1) + 0) - 1?
-7
What is (-13 - -3) + -3 + 7 + -2 + 0?
-8
What is the value of 17 + 3 + -10 + -7 - -1?
4
Calculate 2459 + -2470 + (2 - (1 + 0)).
-10
(106 - 84) + (-6 - 0)
16
-13 + (-6 - -1) + (-1 - (-5 - -3))
-17
Evaluate (-2 - (5 - 4)) + 2 + 6 - 10.
-5
What is the value of (-2 - (5 - 4)) + 1 + (-18 - -14)?
-6
What is the value of 3 + 0 + (-4 - (19 - 5 - 7))?
-8
What is 27 + (-3 - (-1 - -14))?
11
What is the value of 24 + (11 + -16 - (-1 - -6))?
14
Evaluate -24 + (0 - -24 - (-3 + 13) - 5).
-15
Calculate 41 + -41 + (-7 - 0) - (-1 - 10).
4
What is ((4 + 0 - -2) + -11 - 9) + 7?
-7
Calculate -1 - ((5 - (3 + -7)) + -6).
-4
19 + -13 + 5 + (17 - 3)
25
(-21 - -22) + 32 + -21
12
(-7 - (-15 + 7 - (-3 - 1))) + -2
-5
Evaluate -49 + (11 - (-26 + 11)).
-23
Evaluate 4 + (9 - 3) + -1 + -1 + -2.
6
13 - (2 - (9 - 34))
-14
Evaluate -12 - ((-30 - -12) + -9).
15
Evaluate -25 - (12 - (14 - -1) - -2).
-24
(-2 - 12) + -24 + (17 - -17)
-4
Evaluate -1 + (-2 - -8) + -3 + -2.
0
What is -29 + 19 + 42 + -59?
-27
Evaluate -20 - -15 - (1 + -24 - 0) - 0.
18
Evaluate -10 - (-21 - (6 + 9 + -10 + 1)).
17
Evaluate 15 + -24 - (5 + -8 + 15 + -5).
-16
What is -12 - 1 - (177 - 180)?
-10
What is (4 + 3 + -5 - 6) + (1 - 0)?
-3
Evaluate 19 + (9 + -34 - -8).
2
Calculate (4 - (6 + -4 + -10 + 9)) + -11.
-8
What is 13 - (-8 + -8 - (-12 + -1))?
16
8 - (5 + 21 - 13) - -14
9
Evaluate -1 - -1 - (0 + -11 - -16 - 12).
7
Calculate 6 - (-12 + 33) - -20.
5
What is 47 + -9 + -82 + 13?
-31
What is 17 + -8 + (-4 - -6 - 0)?
11
Calculate 4 + ((-13 - -8) + -7 - -26).
18
What is the value of -12 - (15 + -29 + 14 - (1 - 1))?
-12
Evaluate 1 + -9 - -7 - -14.
13
(-11 - -9) + -4 - (21 - (7 - 9))
-29
What is the value of 106 - 108 - (0 - (-19 + 0 + -1))?
-22
Calculate -3 + 3 + -7 + -12 + 6.
-13
What is -37 - -40 - (1 - -7) - -19?
14
What is the value of (-16 - -1) + 4 + -13 + 9 + 1?
-14
What is the value of -5 + 35 + (-77 - -64)?
17
What is 2 - (2 + (2 - (-9 + 5)) + -6)?
0
Calculate -4 + 3 + -10 - (40 - 67).
16
-6 - (42 + -40 + (-1 - 2))
-5
31 + (-2 - 0) - (-690 - -702)
17
What is the value of (5 - (-5 + 0 - -2)) + 2 + -8?
2
Calculate -4 - (-5 + 0 + -9) - 45.
-35
Calculate 6 - ((-7 - -4) + 8) - (-1 - -13).
-11
Calculate (-2 + -4 + 6 - (2 - 0)) + 0.
-2
Calculate (-5 + 2 - (-7 - 2)) + 6.
12
47 + -57 - (-3 - -8)
-15
Evaluate (12 - (16 - -10) - -16) + 16.
18
-20 + -13 + 55 + -19
3
What is 1 - (23 + 0 + (3 - 12))?
-13
Calculate (2 - 11 - -3) + 6 + (-1 - 3).
-4
Calculate -12 + (-9 + -13 + 29 - (-2 - 0)).
-3
(-16 + -5 - -8) + 7 + -2
-8
Calculate 6 - (-4 + (-4 - -5) - 7).
16
24 + -13 - (-1 - 2) - 5
9
What is 1 + -3 + 11 + -5 - 1?
3
Calculate -1 + 6 - (11 + -3 + 1 + -4).
0
Evaluate 10 - ((2 - -2) + 0).
6
2 - 1 - (-27 + (31 - -5))
-8
Calculate -4 + (-5 + 23 - 3).
11
-7 + 7 + 1 + -14 + 1
-12
Calculate -22 + 17 + -4 + (2 - 0).
-7
Evaluate -4 - (-6 + 14 - 15).
3
What is the value of -22 + 31 + ((-3 - 4) + 3 - -5)?
10
What is the value of (12 - 4 - 0 - 11) + -11?
-14
Calculate (109 - 109) + (-3 - 1) + -10.
-14
What is (-29 + 10 - -9) + 11?
1
Evaluate -14 - (-8 + 26 - 16).
-16
Calculate 9 - (0 + -13 + -5 + 51).
-24
What is 23 + (2 - 15) - 9?
1
Calculate -3 - 10 - (-28 + 11).
4
Calculate -2 + -1 + (-2 - (-7 + 9 - 7)).
0
Calculate 0 + 2 + 9 + -2 + (-1 - 7).
1
Evalua